16320247 composite?
False
Is 160253 a composite number?
False
Is 4074645371 prime?
True
Is 16515392833 a composite number?
False
Is 131524997 prime?
False
Is 20510532587 composite?
True
Is 11013071383 a composite number?
False
Is 51095428961 prime?
True
Is 688216237 a prime number?
True
Is 6142108591 a composite number?
True
Is 467145671 prime?
True
Is 296304878 a composite number?
True
Is 22542837391 a composite number?
False
Is 16221569037 composite?
True
Is 1961548829 composite?
False
Is 311290831 a prime number?
True
Is 17523684947 a composite number?
False
Is 803343721 a prime number?
False
Is 276463127 composite?
True
Is 192340117 composite?
False
Is 24340671139 composite?
False
Is 525938629 a composite number?
True
Is 9894488231 composite?
False
Is 8375867803 a composite number?
False
Is 1505463641 a prime number?
False
Is 24903990691 a prime number?
True
Is 59603839189 prime?
False
Is 359840447 a prime number?
True
Is 20295089369 a prime number?
False
Is 25384401499 prime?
True
Is 667859191 prime?
True
Is 111307742179 composite?
True
Is 3080330899 a composite number?
False
Is 64119700789 a prime number?
True
Is 5808810247 prime?
False
Is 2097707047 composite?
False
Is 1700380831 prime?
False
Is 18734111423 composite?
True
Is 520138999 a composite number?
True
Is 22304008889 a composite number?
False
Is 783889687621 composite?
False
Is 98468885327 prime?
True
Is 1992054041 a prime number?
True
Is 940676519 a composite number?
False
Is 2552176361 a prime number?
False
Is 242973509 composite?
True
Is 45885002893 a composite number?
False
Is 61182698587 a composite number?
False
Is 419076829 a prime number?
False
Is 3831082427 composite?
False
Is 7821882443 prime?
True
Is 5451672433 a prime number?
False
Is 204557099 a prime number?
True
Is 245378307 a composite number?
True
Is 762352601 prime?
True
Is 44211667601 composite?
False
Is 10029586049 a prime number?
False
Is 11652651001 prime?
False
Is 613882307 a composite number?
False
Is 3328533055 composite?
True
Is 30822601 composite?
False
Is 512946029 prime?
True
Is 174256248211 prime?
True
Is 249527951 prime?
True
Is 8022844931 prime?
True
Is 17335407973 a prime number?
False
Is 1301865713 composite?
False
Is 49920731401 composite?
True
Is 1972793827 prime?
False
Is 626842903 prime?
True
Is 712373 prime?
False
Is 27116428169 a composite number?
True
Is 774299701 prime?
False
Is 1937801969 prime?
False
Is 110107899497 composite?
False
Is 4630373309 composite?
True
Is 440918951 a prime number?
False
Is 9091675369 a composite number?
True
Is 32475686662 prime?
False
Is 16973849951 a composite number?
True
Is 288353521 a composite number?
True
Is 5023527505 a composite number?
True
Is 19311700291 a prime number?
False
Is 407925127 a composite number?
False
Is 30522334993 prime?
True
Is 18115276577 a composite number?
False
Is 51811747165 a prime number?
False
Is 19442154637 a prime number?
True
Is 708918703 a composite number?
False
Is 2907030131 a composite number?
True
Is 203484026489 prime?
False
Is 22492949137 prime?
False
Is 95037918497 prime?
False
Is 3896318939 a composite number?
False
Is 1873858603 prime?
False
Is 2779667563 composite?
True
Is 2426561693 a prime number?
False
Is 35970719 composite?
False
Is 148401079 composite?
True
Is 27243794993 prime?
False
Is 19017332801 composite?
True
Is 9523982651 a composite number?
False
Is 69797340557 a prime number?
False
Is 32772178331 prime?
False
Is 32835306809 a prime number?
False
Is 3430002269 prime?
True
Is 37607724701 prime?
True
Is 30413665811 a prime number?
True
Is 494580763 a prime number?
True
Is 4668234817 a composite number?
False
Is 1392062743 composite?
False
Is 718439203 a prime number?
True
Is 81950230487 composite?
False
Is 4094814803 prime?
False
Is 317192999 a prime number?
True
Is 258151109465 a prime number?
False
Is 251128243 a composite number?
False
Is 381930361 composite?
False
Is 28447141517 composite?
False
Is 431103847 a composite number?
False
Is 68589977 a composite number?
True
Is 7397708251 composite?
True
Is 10807520431 composite?
True
Is 19724171 composite?
False
Is 223894273 a composite number?
True
Is 2131816241 a prime number?
True
Is 1119314347 a prime number?
False
Is 12651296723 a composite number?
True
Is 1330819481 composite?
False
Is 1371121303 a composite number?
True
Is 78840660799 a composite number?
True
Is 1101059191 composite?
True
Is 9837036823 a composite number?
False
Is 1761474911 a composite number?
True
Is 53402009533 a composite number?
True
Is 275396111 composite?
False
Is 14817585563 a composite number?
True
Is 1149080893 prime?
True
Is 3765412747 composite?
True
Is 51149911541 composite?
False
Is 352527611 a prime number?
True
Is 585487645 a composite number?
True
Is 1160772209 a composite number?
False
Is 3810542999 prime?
True
Is 51747356033 composite?
False
Is 3307456807 composite?
True
Is 16700428673 a composite number?
False
Is 13193538601 composite?
False
Is 34309230223 a prime number?
True
Is 168079055119 prime?
True
Is 5700297983 composite?
False
Is 11763561671 a composite number?
False
Is 348461609 prime?
True
Is 4250897687 prime?
True
Is 1226162953 prime?
False
Is 9147248311 a composite number?
False
Is 3549225193 a composite number?
False
Is 20003590759 prime?
False
Is 9746028121 a composite number?
True
Is 38093685319 composite?
False
Is 29742180929 composite?
False
Is 953912569 a prime number?
True
Is 764541887 composite?
False
Is 2070001757 composite?
False
Is 5029200034 a prime number?
False
Is 11638628987 a composite number?
True
Is 175284411 a composite number?
True
Is 2510024003 prime?
True
Is 11833304897 a composite number?
True
Is 1702421297 a prime number?
True
Is 45580590079 a prime number?
False
Is 18158670493 a composite number?
True
Is 1051195139 prime?
False
Is 192450496241 prime?
False
Is 2801607346 prime?
False
Is 1073768611 composite?
True
Is 72621278047 composite?
False
Is 33199401853 prime?
True
Is 1400592394 composite?
True
Is 11439854773 a composite number?
True
Is 886148017 composite?
True
Is 38203187 a composite number?
True
Is 5576173133 a prime number?
True
Is 703919501 a composite number?
True
Is 833005231 prime?
True
Is 9707947 a composite number?
False
Is 9714456407 a prime number?
True
Is 3291197821 a composite number?
False
Is 53778133 a composite number?
True
Is 64509732902 prime?
False
Is 20572287247 prime?
True
Is 2615632951 a prime number?
False
Is 2095149337 a composite number?
False
Is 1257631913 composite?
False
Is 149182515899 a prime number?
False
Is 1752174287 a composite number?
True
Is 102442979 composite?
False
Is 1653439189 composite?
True
Is 13750509067 composite?
False
Is 13720311083 composite?
True
Is 49997149333 prime?
True
Is 2144227381 composite?
False
Is 73358694169 prime?
True
Is 10510953571 composite?
True
Is 538535681 a composite number?
True
Is 1888237231 a composite number?
False
Is 54797389447 a prime number?
False
Is 17629800317 prime?
True
Is 1475817433 a prime number?
True
Is 79464499 composite?
True
Is 664105111 a prime number?
True
Is 707890943 composite?
False
Is 16184227 a prime number?
True
Is 9422379073 a prime number?
True
Is 153714044929 a composite number?
True
Is 18486627893 a prime number?
False
Is 11990041915 a composite number?
True
Is 1383500201 a composite number?
False
Is 855676277 prime?
True
Is 8577512261 a composite number?
True
Is 2554957 a composite number?
True
Is 524793707 a prime number?
False
Is 44128511281 a composite number?
True
Is 10684504027 composite?
True
Is 180576311 a prime number?
True
Is 34152532451 a composite number?
False
Is 35462851 composite?
True
Is 5786922205 a prime number?
False
Is 5096685599 a prime number?
False
Is 1089768371 a composite number?
False
Is 240832061269 a composite number?
False
Is 408078724693 composite?
True
Is 112964897 prime?
False
Is 167804947 a prime number?
False
Is 5709544891 prime?
False
Is 1314273019 a composite number?
False
Is 162789843 composite?
True
Is 371351293 a prime number?
False
Is 7749518389 a prime number?
False
Is 86196281903 a composite number?
False
Is 1672387033 composite?
False
Is 2075462887 prime?
False
Is 755173171 composite?
True
Is 3302656033 composite?
True
Is 8131378403 prime?
True
Is 73134599 a prime number?